q - 59 = 5*l, q - 3*l - 13 = 0. What is the highest common factor of 24 and q?
8
Let k = 25 - 17. Let l = -2 - 6. Let d be (-574)/l - (-1)/4. What is the highest common divisor of k and d?
8
Suppose 0 = -2*b - 2, -3*s = 5*b - 42 + 2. What is the highest common divisor of 15 and s?
15
Suppose 31*u = 6*u + 100. Let g(z) = -z**2 + 8*z - 8. Let o be g(6). Calculate the greatest common divisor of u and o.
4
Let h(j) = -j**3 - 5*j**2 - 1. Let s be h(-5). Let f be (-9 + 10)/(s/(-220)). What is the greatest common divisor of 88 and f?
44
Suppose 2136 = 25*o + 711. What is the greatest common divisor of 1159 and o?
19
Let s = 3576 + -2219. What is the greatest common factor of s and 23?
23
Suppose 1 = -4*m + a, -a - 4 = -m - 2. Let p be 2/(-6)*15*m. What is the highest common divisor of p and 35?
5
Suppose 9*x - 12127 = 563. Calculate the highest common factor of 60 and x.
30
Let s be 6 + 51/(-9) + 814/6. Calculate the highest common divisor of 51 and s.
17
Let o be 2*2/(-2)*-17. Let k(x) = x**3 + 5*x**2 - 12*x - 2. Let q be k(-6). Calculate the greatest common divisor of q and o.
34
Let o = 13 + 49. Suppose -4*h - 18 = -o. Calculate the highest common factor of 11 and h.
11
Suppose -5*s = -2*z - 3*z + 5360, 0 = -5*z - 5*s + 5350. What is the highest common divisor of 63 and z?
63
Let x be (-6 - -16)*(-2)/(-5). Let s be (-68)/(-12) - x/(-12). Calculate the highest common divisor of 54 and s.
6
Let b(a) = 82*a**2 - 3*a + 2. Let r be b(1). Suppose -r = 4*i - 105. Calculate the highest common divisor of 2 and i.
2
Suppose 49*c - 43*c = 102. Let n(s) = 3*s**3 + 2*s - 2. Let u be n(3). What is the greatest common factor of c and u?
17
Suppose 64 = -z + 274. Let r be 3/(36/16 + -3). Let f be (r/20 - 1)*-25. What is the highest common divisor of f and z?
30
Let x(o) = -2*o**3 - 5*o**2 + 7*o - 2. Let p be x(-5). Suppose a - 56 = -5*w, -w = -0*a - 4*a - 7. What is the highest common factor of p and w?
11
Suppose f + 0*f = 2. Let j = f - -43. Suppose -96 = -5*d + 2*q, -3*d + 2*q = -d - 42. Calculate the highest common divisor of j and d.
9
Let d be 219/4 - (-2)/8. What is the greatest common factor of 165 and d?
55
Let a be (2/20*6)/((-10)/(-1550)). What is the highest common divisor of 31 and a?
31
Let l = -6 - -149. What is the highest common factor of l and 13?
13
Let f be 2556/99 - 8/(-44). Calculate the greatest common factor of 13 and f.
13
Let k(b) = -b**2 - 12*b - 5. Let i be k(-7). What is the highest common factor of i and 18?
6
Let u be (-5)/15 + (-1)/(-3). Let z = 5 + u. Let o(f) = -f**3 - 3*f**2 + 29*f + 52. Let i be o(-7). What is the greatest common divisor of z and i?
5
Let l(t) = 5*t - 2. Let y be l(3). Suppose 5*w - 17 = 8, -3*m = 2*w - 4. Let v be (m - y/(-4))*20. What is the highest common factor of 5 and v?
5
Suppose 3*l - 3*a + 3624 = 8*l, -5*a + 3620 = 5*l. What is the highest common divisor of l and 6?
6
Let h(a) = 4*a**2 + 49*a + 265. Let p be h(-5). What is the highest common divisor of p and 930?
30
Let i(l) = -11*l**2 + 0*l - 33 - l**3 - 3*l + 17 - 3*l**2. Let n be i(-14). What is the highest common divisor of 182 and n?
26
Let x = -2606 - -2638. Calculate the highest common divisor of 1024 and x.
32
Let g = 356 + -344. Calculate the highest common divisor of g and 156.
12
Let v be (0 + 4)/((-6)/(-180)). Suppose 5*x = 3*i - 107, 4*x = -5*i + 133 + 107. Let y = -14 + i. What is the highest common divisor of y and v?
30
Suppose -5*y - 97 = -4*d - 1715, 5*y = -2*d + 1606. Let g be ((-92)/5)/(4/(-10)). Calculate the greatest common factor of g and y.
46
Suppose 5*c = 12*c - 350. Suppose 47*f + 3 = c*f. What is the greatest common divisor of f and 7?
1
Let r be 1*4/6*(20 - -16). Let u(l) = -l**3 + 5*l**2 + 4*l. Let h be u(-3). Calculate the highest common divisor of h and r.
12
Suppose -b + 15 = -6*b. Let k(m) = -m**3 - 4*m**2 - 3*m + 3. Let j be k(b). Let s be (-1 - -7)/(1/j). What is the highest common divisor of 6 and s?
6
Let y = 110 + -105. Suppose -57 = -y*n + 23. What is the highest common divisor of n and 16?
16
Suppose 3*c + 2*q = 79 + 15, 5*q - 25 = 0. Suppose -5*g + 9 = 2*j, 0 = -3*j - g - 0*g + 20. What is the highest common factor of j and c?
7
Suppose -24 = -91*m + 87*m. Suppose -30 = 3*h - m*h + 2*b, 5*h - 31 = -3*b. What is the highest common divisor of 40 and h?
8
Suppose u - 6*k + 2*k = -22, -5*u = 2*k. Let b be u + (-184)/(-4) + 1. What is the highest common factor of 225 and b?
45
Suppose 459 = -r + 474. Let i = 2 + 1. Calculate the highest common divisor of i and r.
3
Let x(u) = u + 1. Let l = -27 + 41. Let h be x(l). What is the greatest common factor of h and 135?
15
Suppose 9*i - 8*i - 2 = 0. Let x(m) = -m**3 + 18*m**2 - 16*m - 3. Let l be x(17). What is the highest common divisor of l and i?
2
Let i(y) = 34*y**2 - 5*y. Let m be i(-5). Suppose 0 = -5*h - 5*d + m, -5*h + 5*d + 1083 - 258 = 0. What is the highest common factor of 34 and h?
34
Let c = 2096 + -1997. What is the greatest common divisor of 693 and c?
99
Let g = 33 - 0. What is the greatest common divisor of 176 and g?
11
Let w(o) = 12*o**2 - 2*o - 1. Let s be w(-2). Let q = -140 - -235. Suppose q = l + 4*l + 2*x, 5*x - 59 = -2*l. What is the greatest common factor of s and l?
17
Suppose 10*z - 6*z = 12. Let o be 4*z/(-18)*24. Let y be (-2 + -1 - o) + 2. What is the greatest common divisor of y and 60?
15
Suppose -5*g = 31*p - 32*p - 97, -3*p = 4*g - 89. Calculate the highest common factor of g and 90.
10
Let g(s) = s**2 + 11*s + 12. Let p be g(-10). Let m be (-8)/(-4)*(p + -5). Let h(f) = -3*f - 13. Let v be h(m). What is the highest common factor of 45 and v?
5
Let h(q) = 3*q**3 - 20*q**2 + q + 7. Suppose -15*t + 35 = -10*t. Let m be h(t). Calculate the greatest common divisor of m and 42.
21
Let a(k) = k - 5. Let h be a(8). Suppose -h*o - 4*b + 101 + 22 = 0, 0 = 5*o + 5*b - 200. Let m = -22 + o. Calculate the highest common factor of m and 15.
15
Let o be 3 - 1*(1 + -1). Suppose -5*m - 13 - 19 = -f, o*f - 56 = 5*m. Let p be 1/14 + (25072/224 - 16). What is the highest common divisor of p and f?
12
Let m = -19 + 36. Suppose 3*f - 54 = -3*b, b - 2*f - m = 1. Let q = -6 + b. What is the highest common divisor of q and 3?
3
Let f(q) = -q**2 - 13*q + 6. Let x be f(-10). Suppose 4*o - x = -4*i, -5*o = 5*i - 4*i - 37. What is the highest common factor of o and 56?
7
Let l(s) = -s**2 - 6*s + 81. Let t be l(5). Let p = 40 + 64. What is the greatest common factor of t and p?
26
Suppose 20*s - 1914 - 3366 = 0. What is the greatest common factor of 120 and s?
24
Let j = 669 - 264. Calculate the highest common divisor of j and 3.
3
Suppose -v - 2*f + 2 = 0, -5*f + 3 + 5 = 3*v. Let b be 3 - (3 - 1) - -3. Let p be b/22 + (-786)/(-33). What is the highest common divisor of v and p?
6
Let a = 10 - -92. Let h = a + -67. Suppose -4*s + 21 = -h. Calculate the greatest common factor of 42 and s.
14
Suppose 0 = -4*k + 8, 49 = n + 4*k - 25. Suppose 2*r = -0*r + n. What is the greatest common factor of 44 and r?
11
Suppose 1 = 3*n - 14. Let h be (n + (-34)/6)*-69. Calculate the greatest common factor of 115 and h.
23
Suppose 4*b = 3*b + 8. Let s be 3 + 475/5*2. Suppose 4*k = -q + s, -q + 98 = 2*k + q. What is the greatest common divisor of k and b?
8
Let d(r) = 7*r - 3. Let f be d(5). Calculate the greatest common divisor of 72 and f.
8
Suppose w = 57 + 20. Calculate the greatest common factor of w and 7.
7
Suppose 4*z - 3*z - o = 17, 2*z = -5*o + 6. Calculate the highest common factor of 377 and z.
13
Let j(c) = 98*c**2 - 470*c + 7. Let o be j(6). Calculate the greatest common divisor of o and 130.
65
Suppose 3*a = -l + 1679, -l + 2 = -3*l. Suppose -6*b + 2*q - a = -11*b, 0 = -2*b + 3*q + 205. Calculate the highest common divisor of b and 22.
22
Let t(n) = n - 5. Let j be t(8). Let d(a) be the second derivative of 12*a**3 + 2*a**2 - 2*a. Let b be d(j). Calculate the highest common factor of b and 20.
20
Let y = -3 + 16. Let r be ((-862)/(-6))/((-8)/(-24)). Suppose -4*p = -37 - r. What is the highest common factor of p and y?
13
Let t be (2/(-5))/((-1)/(-3 + 58)). Calculate the highest common divisor of 121 and t.
11
Suppose 8*m - 4*t - 224 = 3*m, 4*m + 5*t - 212 = 0. Let a(p) = 7*p + 8. Let h be a(7). Let q = h + -41. What is the greatest common divisor of q and m?
16
Le